{"id":241,"date":"2026-02-07T09:45:30","date_gmt":"2026-02-07T08:45:30","guid":{"rendered":"https:\/\/www.bsv-kremstal.at\/?page_id=241"},"modified":"2026-02-07T09:52:15","modified_gmt":"2026-02-07T08:52:15","slug":"automatisch-gespeicherter-entwurf-4","status":"publish","type":"page","link":"https:\/\/www.bsv-kremstal.at\/?page_id=241","title":{"rendered":""},"content":{"rendered":"<div class=\"vce-row-container\" data-vce-boxed-width=\"true\"><div class=\"vce-row vce-row--col-gap-30 vce-row-equal-height vce-row-content--top\" id=\"el-be0a2984\" data-vce-do-apply=\"all el-be0a2984\"><div class=\"vce-row-content\" data-vce-element-content=\"true\"><div class=\"vce-col vce-col--md-auto vce-col--xs-1 vce-col--xs-last vce-col--xs-first vce-col--sm-last vce-col--sm-first vce-col--md-last vce-col--lg-last vce-col--xl-last vce-col--md-first vce-col--lg-first vce-col--xl-first\" id=\"el-7941ee09\"><div class=\"vce-col-inner\" data-vce-do-apply=\"border margin background  el-7941ee09\"><div class=\"vce-col-content\" data-vce-element-content=\"true\" data-vce-do-apply=\"padding el-7941ee09\"><div class=\"vce-text-block\"><div class=\"vce-text-block-wrapper vce\" id=\"el-c4dbce5e\" data-vce-do-apply=\"all el-c4dbce5e\"><p style=\"text-align: center;\"><strong><span style=\"color: #993300;\">Interessantes und wichtiges aus der j\u00fcngsten Vergangenheit&nbsp;<\/span><\/strong><\/p><p style=\"text-align: center;\">AAA-3D CUP FINALE IN VORAU<br><span style=\"color: #ff0000;\"><a style=\"color: #ff0000;\" href=\"https:\/\/aaa3d.at\/aaa-3d-cup-finale-2025\/\" target=\"_blank\" rel=\"noopener\">Bericht<\/a><\/span><\/p><p style=\"text-align: center;\">Tolle Erfolge der BSV Kremstal Sch\u00fctzen beim AAA Cup Finale in Vorau.<br>In der Gesamtwertung konnten sich folgende Sch\u00fctzen Stockerlpl\u00e4tze sichern:<br>Marie Gruber - Gold in der Klasse BB-Sch\u00fcler<br>Amelie Gruber - Gold in der Klasse HU Mini<br>Petra Margesin - Silber in der Klasse BB Vet.<br>Sabrina Schallinger - Silber in der Klasse CU Sen.<br>Bettina Ofner - Bronze in der Klasse CU Sen.<br>Markus Steinermayr - Gold in der Klasse PB\/HB Sen.<br>Edith Schallinger - Bronze in der Klasse TR\/LB Vet.<br>Benito Hofer - Gold in der Klasse TR\/RB Sch\u00fcler<br>Yvonne Hofer - Bronze in der Klasse TR\/RB Sen.<\/p><p style=\"text-align: center;\">Wir gratulieren allen Sch\u00fctzen des BSV Kremstal zu ihren starken Leistungen<br>w\u00e4hrend des gesamten AAA-3D Cups 2025!<\/p><p style=\"text-align: center;\">Wir gratulieren unserem Vereinsmitglied <br>Johanna Pitschmann auf das allerherzlichste zu ihrer starken Leistung<br>bei der WA 3D Europameisterschaft in Serbien.<br>6. Platz im Einzelbewerb Langbogen<br>3. Platz im Mixed Team mit Robert Engel<br>2. Platz im Teambewerb mit Rosemarie&nbsp;Leitner,&nbsp;Ingrid&nbsp;Ronacher, Claudia&nbsp;Weinberger<\/p><p style=\"text-align: center;\">Herzliche Gratulation Johanna und nat\u00fcrlich auch dem gesamten Team Austria!!<\/p><\/div><\/div><\/div><\/div><\/div><\/div><\/div><\/div>\n","protected":false},"excerpt":{"rendered":"<p>Interessantes und wichtiges aus der j\u00fcngsten Vergangenheit&nbsp;AAA-3D CUP FINALE IN VORAUBerichtTolle Erfolge der BSV Kremstal Sch\u00fctzen beim AAA Cup Finale in Vorau.In der Gesamtwertung konnten &hellip; <\/p>\n","protected":false},"author":1,"featured_media":0,"parent":0,"menu_order":0,"comment_status":"closed","ping_status":"closed","template":"","meta":{"footnotes":""},"class_list":["post-241","page","type-page","status-publish","hentry"],"_links":{"self":[{"href":"https:\/\/www.bsv-kremstal.at\/index.php?rest_route=\/wp\/v2\/pages\/241","targetHints":{"allow":["GET"]}}],"collection":[{"href":"https:\/\/www.bsv-kremstal.at\/index.php?rest_route=\/wp\/v2\/pages"}],"about":[{"href":"https:\/\/www.bsv-kremstal.at\/index.php?rest_route=\/wp\/v2\/types\/page"}],"author":[{"embeddable":true,"href":"https:\/\/www.bsv-kremstal.at\/index.php?rest_route=\/wp\/v2\/users\/1"}],"replies":[{"embeddable":true,"href":"https:\/\/www.bsv-kremstal.at\/index.php?rest_route=%2Fwp%2Fv2%2Fcomments&post=241"}],"version-history":[{"count":4,"href":"https:\/\/www.bsv-kremstal.at\/index.php?rest_route=\/wp\/v2\/pages\/241\/revisions"}],"predecessor-version":[{"id":246,"href":"https:\/\/www.bsv-kremstal.at\/index.php?rest_route=\/wp\/v2\/pages\/241\/revisions\/246"}],"wp:attachment":[{"href":"https:\/\/www.bsv-kremstal.at\/index.php?rest_route=%2Fwp%2Fv2%2Fmedia&parent=241"}],"curies":[{"name":"wp","href":"https:\/\/api.w.org\/{rel}","templated":true}]}}