{"id":180,"date":"2026-02-06T11:41:28","date_gmt":"2026-02-06T10:41:28","guid":{"rendered":"https:\/\/www.bsv-kremstal.at\/?page_id=180"},"modified":"2026-02-06T11:48:04","modified_gmt":"2026-02-06T10:48:04","slug":"automatisch-gespeicherter-entwurf-2-2","status":"publish","type":"page","link":"https:\/\/www.bsv-kremstal.at\/?page_id=180","title":{"rendered":""},"content":{"rendered":"<div class=\"vce-row-container\" data-vce-boxed-width=\"true\"><div class=\"vce-row vce-row--col-gap-30 vce-row-equal-height vce-row-content--top\" id=\"el-be61aabf\" data-vce-do-apply=\"all el-be61aabf\"><div class=\"vce-row-content\" data-vce-element-content=\"true\"><div class=\"vce-col vce-col--md-auto vce-col--xs-1 vce-col--xs-last vce-col--xs-first vce-col--sm-last vce-col--sm-first vce-col--md-last vce-col--lg-last vce-col--xl-last vce-col--md-first vce-col--lg-first vce-col--xl-first\" id=\"el-f557a5fa\"><div class=\"vce-col-inner\" data-vce-do-apply=\"border margin background  el-f557a5fa\"><div class=\"vce-col-content\" data-vce-element-content=\"true\" data-vce-do-apply=\"padding el-f557a5fa\"><div class=\"vce-text-block\"><div class=\"vce-text-block-wrapper vce\" id=\"el-48c4869f\" data-vce-do-apply=\"all el-48c4869f\"><h6><span style=\"font-size: 14pt;\">Der 3D Parcours des BSV Kremstal besteht aus 40 jagdlich aufgestellten 3D Zielen, verteilt auf Wald und Wiese. Durch die Position der Abschu\u00dfpfl\u00f6cke ist es m\u00f6glich, Distanzen nach WA (Blauer Pflock, f\u00fcr Compound vorderster roter Pflock) und IFAA (nur Roter Pflock) zu trainieren. Der Parcours wird von unseren Mitgliedern regelm\u00e4\u00dfig gepflegt und ist das ganze Jahr durchgehend t\u00e4glich von Sonnenaufgang bis Sonnenuntergang ge\u00f6ffnet. Die durchschnittliche Rundenzeit betr\u00e4gt ca. 1,5 Stunden. Unser Parcours ist auch in der 3D SKill Board App zu finden.<\/span><\/h6><h6><span style=\"font-size: 14pt;\">F\u00fcr alle Bogensport-Interessierten, die den Wunsch hegen, das Bogenschie\u00dfen einmal auszuprobieren, bietet der BSV Kremstal g\u00fcnstige Tagesmitgliedschaften, sowie den Verleih der n\u00f6tigen Bogenausr\u00fcstung (Infos im Bogenshop).<\/span><\/h6><h6><span style=\"font-size: 14pt;\">Tagesmitgliedschaft: Erwachsene (ab 18 Jahre)&nbsp;&nbsp;\u20ac 15,- &nbsp;Jugendliche (12-18 Jahre)&nbsp;&nbsp;\u20ac 10,- Kinder bis 12 Jahre FREI!<\/span><\/h6><h6><a href=\"https:\/\/www.bsv-kremstal.at\/wp-content\/uploads\/2026\/02\/PARCOURSREGELN_2022.pdf\" target=\"_blank\" rel=\"noopener\"><span style=\"font-size: 14pt;\">Parcoursregeln<\/span><\/a><\/h6><\/div><\/div><\/div><\/div><\/div><\/div><\/div><\/div><div class=\"vce-row-container\" data-vce-boxed-width=\"true\"><div class=\"vce-row vce-row--col-gap-30 vce-row-equal-height vce-row-content--top\" id=\"el-1f10efa3\" data-vce-do-apply=\"all el-1f10efa3\"><div class=\"vce-row-content\" data-vce-element-content=\"true\"><div class=\"vce-col vce-col--md-auto vce-col--xs-1 vce-col--xs-last vce-col--xs-first vce-col--sm-last vce-col--sm-first vce-col--md-last vce-col--lg-last vce-col--xl-last vce-col--md-first vce-col--lg-first vce-col--xl-first\" id=\"el-cd811c97\"><div class=\"vce-col-inner\" data-vce-do-apply=\"border margin background  el-cd811c97\"><div class=\"vce-col-content\" data-vce-element-content=\"true\" data-vce-do-apply=\"padding el-cd811c97\"><div class=\"vce-image-gallery vce-image-gallery--gap-10 vce-image-gallery--columns-3\"><div class=\"vce-image-gallery-wrapper vce\" id=\"el-a61a9377\" data-vce-do-apply=\"all el-a61a9377\"><div class=\"vce-image-gallery-list\"><div class=\"vce-image-gallery-item\"><figure class=\"vce-image-gallery-item-inner-wrapper\"><div class=\"vce-image-gallery-item-inner\"><img decoding=\"async\" class=\"vce-image-gallery-img vce-image-gallery-img--orientation-portrait\" src=\"https:\/\/www.bsv-kremstal.at\/wp-content\/uploads\/2026\/02\/Bild_4.jpg\" alt=\"\" title=\"Bild_4\"><\/div><\/figure><\/div><div class=\"vce-image-gallery-item\"><figure class=\"vce-image-gallery-item-inner-wrapper\"><div class=\"vce-image-gallery-item-inner\"><img decoding=\"async\" class=\"vce-image-gallery-img vce-image-gallery-img--orientation-portrait\" src=\"https:\/\/www.bsv-kremstal.at\/wp-content\/uploads\/2026\/02\/Bild_5.jpg\" alt=\"\" title=\"Bild_5\"><\/div><\/figure><\/div><div class=\"vce-image-gallery-item\"><figure class=\"vce-image-gallery-item-inner-wrapper\"><div class=\"vce-image-gallery-item-inner\"><img decoding=\"async\" class=\"vce-image-gallery-img vce-image-gallery-img--orientation-portrait\" src=\"https:\/\/www.bsv-kremstal.at\/wp-content\/uploads\/2026\/02\/Bild_3-3.jpg\" alt=\"\" title=\"Bild_3-3\"><\/div><\/figure><\/div><\/div><\/div><\/div><\/div><\/div><\/div><\/div><\/div><\/div>\n","protected":false},"excerpt":{"rendered":"<p>Der 3D Parcours des BSV Kremstal besteht aus 40 jagdlich aufgestellten 3D Zielen, verteilt auf Wald und Wiese. Durch die Position der Abschu\u00dfpfl\u00f6cke ist es &hellip; <\/p>\n","protected":false},"author":1,"featured_media":0,"parent":140,"menu_order":0,"comment_status":"closed","ping_status":"closed","template":"","meta":{"footnotes":""},"class_list":["post-180","page","type-page","status-publish","hentry"],"_links":{"self":[{"href":"https:\/\/www.bsv-kremstal.at\/index.php?rest_route=\/wp\/v2\/pages\/180","targetHints":{"allow":["GET"]}}],"collection":[{"href":"https:\/\/www.bsv-kremstal.at\/index.php?rest_route=\/wp\/v2\/pages"}],"about":[{"href":"https:\/\/www.bsv-kremstal.at\/index.php?rest_route=\/wp\/v2\/types\/page"}],"author":[{"embeddable":true,"href":"https:\/\/www.bsv-kremstal.at\/index.php?rest_route=\/wp\/v2\/users\/1"}],"replies":[{"embeddable":true,"href":"https:\/\/www.bsv-kremstal.at\/index.php?rest_route=%2Fwp%2Fv2%2Fcomments&post=180"}],"version-history":[{"count":5,"href":"https:\/\/www.bsv-kremstal.at\/index.php?rest_route=\/wp\/v2\/pages\/180\/revisions"}],"predecessor-version":[{"id":189,"href":"https:\/\/www.bsv-kremstal.at\/index.php?rest_route=\/wp\/v2\/pages\/180\/revisions\/189"}],"up":[{"embeddable":true,"href":"https:\/\/www.bsv-kremstal.at\/index.php?rest_route=\/wp\/v2\/pages\/140"}],"wp:attachment":[{"href":"https:\/\/www.bsv-kremstal.at\/index.php?rest_route=%2Fwp%2Fv2%2Fmedia&parent=180"}],"curies":[{"name":"wp","href":"https:\/\/api.w.org\/{rel}","templated":true}]}}